ands digit of 55825?
5
What is the hundreds digit of 973?
9
What is the thousands digit of 6133?
6
What is the thousands digit of 2296?
2
What is the units digit of 803?
3
What is the units digit of 4507?
7
What is the thousands digit of 2266?
2
What is the hundreds digit of 195?
1
What is the tens digit of 629?
2
What is the hundreds digit of 60491?
4
What is the thousands digit of 5580?
5
What is the hundreds digit of 1498?
4
What is the hundreds digit of 219?
2
What is the hundreds digit of 9155?
1
What is the units digit of 813?
3
What is the thousands digit of 1412?
1
What is the hundreds digit of 1244?
2
What is the hundreds digit of 30686?
6
What is the thousands digit of 3348?
3
What is the tens digit of 89117?
1
What is the units digit of 3931?
1
What is the units digit of 1587?
7
What is the hundreds digit of 3546?
5
What is the thousands digit of 1170?
1
What is the thousands digit of 3195?
3
What is the thousands digit of 36403?
6
What is the units digit of 4414?
4
What is the tens digit of 2486?
8
What is the tens digit of 64262?
6
What is the hundreds digit of 25944?
9
What is the thousands digit of 39172?
9
What is the tens digit of 1132?
3
What is the hundreds digit of 103797?
7
What is the units digit of 9410?
0
What is the units digit of 9505?
5
What is the tens digit of 4417?
1
What is the units digit of 4035?
5
What is the tens digit of 1177?
7
What is the units digit of 8747?
7
What is the tens digit of 66793?
9
What is the thousands digit of 33058?
3
What is the hundreds digit of 3130?
1
What is the tens digit of 99?
9
What is the tens digit of 2181?
8
What is the units digit of 6721?
1
What is the hundreds digit of 547?
5
What is the units digit of 31403?
3
What is the hundreds digit of 4346?
3
What is the thousands digit of 1443?
1
What is the tens digit of 401?
0
What is the thousands digit of 16984?
6
What is the tens digit of 1886?
8
What is the units digit of 4516?
6
What is the tens digit of 5330?
3
What is the thousands digit of 36478?
6
What is the hundreds digit of 469?
4
What is the hundreds digit of 4347?
3
What is the hundreds digit of 19078?
0
What is the tens digit of 175?
7
What is the hundreds digit of 397?
3
What is the tens digit of 26236?
3
What is the tens digit of 56774?
7
What is the units digit of 129?
9
What is the hundreds digit of 389?
3
What is the units digit of 1331?
1
What is the units digit of 96?
6
What is the tens digit of 6437?
3
What is the tens digit of 719?
1
What is the units digit of 3309?
9
What is the tens digit of 1028?
2
What is the units digit of 82?
2
What is the hundreds digit of 56560?
5
What is the units digit of 1086?
6
What is the ten thousands digit of 24304?
2
What is the units digit of 6437?
7
What is the tens digit of 815?
1
What is the ten thousands digit of 48438?
4
What is the units digit of 960?
0
What is the hundreds digit of 1138?
1
What is the hundreds digit of 384?
3
What is the thousands digit of 1108?
1
What is the hundreds digit of 54149?
1
What is the ten thousands digit of 12112?
1
What is the hundreds digit of 839?
8
What is the ten thousands digit of 119061?
1
What is the tens digit of 156372?
7
What is the thousands digit of 2093?
2
What is the ten thousands digit of 16698?
1
What is the units digit of 3324?
4
What is the tens digit of 2840?
4
What is the units digit of 42219?
9
What is the hundreds digit of 37566?
5
What is the thousands digit of 67717?
7
What is the units digit of 84740?
0
What is the units digit of 3536?
6
What is the hundreds digit of 654?
6
What is the tens digit of 5135?
3
What is the tens digit of 56373?
7
What is the units digit of 28463?
3
What is the tens digit of 7197?
9
What is the units digit of 106?
6
What is the thousands digit of 8938?
8
What is the hundreds digit of 11356?
3
What is the thousands digit of 8246?
8
What is the tens digit of 55555?
5
What is the hundreds digit of 13085?
0
What is the tens digit of 1329?
2
What is the units digit of 27436?
6
What is the thousands digit of 2157?
2
What is the hundred thousands digit of 142130?
1
What is the hundreds digit of 60107?
1
What is the ten thousands digit of 34842?
3
What is the hundreds digit of 663?
6
What is the tens digit of 10524?
2
What is the ten thousands digit of 24619?
2
What is the units digit of 80491?
1
What is the tens digit of 10986?
8
What is the tens digit of 15472?
7
What is the thousands digit of 5638?
5
What is the units digit of 119?
9
What is the tens digit of 478?
7
What is the ten thousands digit of 11572?
1
What is the hundreds digit of 246?
2
What is the tens digit of 126441?
4
What is the units digit of 8969?
9
What is the thousands digit of 4023?
4
What is the tens digit of 135417?
1
What is the hundreds digit of 562?
5
What is the units digit of 390?
0
What is the tens digit of 71674?
7
What is the hundreds digit of 785?
7
What is the hundreds digit of 5860?
8
What is the thousands digit of 96964?
6
What is the thousands digit of 4655?
4
What is the units digit of 28902?
2
What is the tens digit of 6313?
1
What is the hundreds digit of 25309?
3
What is the tens digit of 19218?
1
What is the hundred thousands digit of 118119?
1
What is the tens digit of 850?
5
What is the hundreds digit of 826?
8
What is the tens digit of 767?
6
What is the units digit of 2110?
0
What is the hundreds digit of 16862?
8
What is the hundreds digit of 9397?
3
What is the ten thousands digit of 90028?
9
What is the units digit of 9923?
3
What is the thousands digit of 19769?
9
What is the tens digit of 1979?
7
What is the tens digit of 79?
7
What is the tens digit of 1815?
1
What is the hundreds digit of 19486?
4
What is the units digit of 11594?
4
What is the tens digit of 76580?
8
What is the thousands digit of 15254?
5
What is the units digit of 17579?
9
What is the hundreds digit of 295?
2
What is the tens digit of 746?
4
What is the units digit of 749?
9
What is the tens digit of 9053?
5
What is the hundreds digit of 1495?
4
What is the units digit of 929?
9
What is the units digit of 2160?
0
What is the units digit of 377?
7
What is the tens digit of 1891?
9
What is the tens digit of 661?
6
What is the units digit of 7784?
4
What is the hundred thousands digit of 128941?
1
What is the hundreds digit of 366?
3
What is the tens digit of 1053?
5
What is the hundreds digit of 935?
9
What is the thousands digit of 2635?
2
What is the units digit of 3697?
7
What is the hundreds digit of 18698?
6
What is the hundreds digit of 1246?
2
What is the units digit of 61321?
1
What is the hundreds digit of 53315?
3
What is the tens digit of 1909?
0
What is the tens digit of 23641?
4
What is the thousands digit of 1434?
1
What is the hundreds digit of 5304?
3
What is the ten thousands digit of 91908?
9
What is the units digit of 39231?
1
What is the units digit of 260?
0
What is the tens digit of 1852?
5
What is the units digit of 366?
6
What is the hundreds digit of 5309?
3
What is the thousands digit of 5282?
5
What is the thousands digit of 20480?
0
What is the tens digit of 127867?
6
What is the thousands digit of 2738?
2
What is the thousands digit of 14669?
4
What is the units digit of 2237?
7
What is the tens digit of 5981?
8
What is the ten thousands digit of 179984?
7
What is the units digit of 5163?
3
What is the thousands digit of 1694?
1
What is the ten thousands digit of 32317?
3
What is the ten thousands digit of 75495?
7
What is the tens digit of 682?
8
What is the hundreds digit of 5711?
7
What is the hundreds digit of 26533?
5
What is the tens digit of 4755?
5
What is the hundreds digit of 3355?
3
What is the units digit of 1432?
2
What is the hundreds digit of 6390?
3
What is the tens digit of 1443?
4
What is the tens digit of 16514?
1
What is the tens digit of 14635?
3
What is the tens digit of 2108?
0
What is the tens digit of 1036?
3
What is the hundreds digit of 33630?
6
What is the units digit of 4083?
3
What is the hundreds digit of 393?
3
What is the units digit of 207?
7
What is the thousands digit of 2513?
2
What is the hundreds digit of 1893?
8
What is the units digit of 1269?
9
What is the tens digit of 693?
9
What is the tens digit of 29169?
6
What is the units digit of 6010?
0
What is the thousands digit of 3428?
3
What is the tens 